 + 16 = 2*g, -7 = -4*o - 4*g + 17. Suppose o*m - 24 = -m. List the prime factors of m.
2
Suppose 3*s - 70 = 17. What are the prime factors of s?
29
Suppose 0*j - 6 = j. Let g = -3 - j. Suppose g*t + 2*t - 55 = 0. List the prime factors of t.
11
Let k = -164 + 231. Let m = k + -46. List the prime factors of m.
3, 7
Let q(f) = -f**3 - 5*f**2 - 2*f + 1. Let s be q(-3). Let c = s - -16. What are the prime factors of c?
5
Suppose -5*z + 6 + 4 = 0. Suppose 0 = z*j - 38 + 10. List the prime factors of j.
2, 7
Suppose 0 = -6*o + 3*o - 2*s, -4*o - 1 = 3*s. Let u(h) = 1 - 5*h**3 - 2*h**2 - o + 2. What are the prime factors of u(-1)?
2
Let l be 14/3 - 3/(-9). Suppose -18 = l*m - 8*m. What are the prime factors of m?
2, 3
Suppose -2*o = -54 + 8. Suppose -9 = 5*h - 44. Suppose h*f = 4*f - r + o, -4*f + 31 = r. List the prime factors of f.
2
Let y be (36/(-15))/(9/(-480)). Suppose -3*w + 40 = -y. Let c = w + -36. List the prime factors of c.
2, 5
Suppose 2*r - r = n - 2, 3*n = -3*r + 18. Suppose -4*z - 2*i = -62, 0*i - 6 = -r*i. What are the prime factors of z?
2, 7
Suppose 5*v = -10, 0 = m - 5*v + 4*v - 27. Suppose 3*z = 4*f + 31, -3*z + 2*z + m = -5*f. What are the prime factors of z?
5
Suppose -4*i + 2*l = -136, 2*l = 2*i + 21 - 89. What are the prime factors of i?
2, 17
Suppose -6*f + 4*f + 18 = 0. Suppose -f = -5*k + 6. Suppose 0 = k*n + n - 36. List the prime factors of n.
3
Let o = 670 + -448. What are the prime factors of o?
2, 3, 37
Suppose -6*o + o + 30 = 0. Let p(q) = 6*q + 3. Let i be p(-2). List the prime factors of 10/(-1)*i/o.
3, 5
Let b = 163 + -17. List the prime factors of b.
2, 73
List the prime factors of -2 - (3 + -3 + -77).
3, 5
Suppose 5*r - 2*q - 2 = 0, 2*r + 2*q = -1 - 1. Suppose -56 = -4*s - 2*g + 4*g, 2*s + 5*g - 40 = r. What are the prime factors of s?
3, 5
Let i = -11 - -67. Suppose -y - 15 = -i. What are the prime factors of y?
41
Suppose 4*u - 1 = -85. Let h = 9 - u. What are the prime factors of h?
2, 3, 5
Let h be 1/(-2 - (-15)/6). Suppose -2 = -j + h. List the prime factors of j.
2
Let w(l) = 5*l**2 - 9*l + 7. Let j(p) = p**2 - p + 1. Let s(x) = 6*j(x) - w(x). List the prime factors of s(-4).
3
Suppose 2*a - 219 = -3*q, 0 = a + 4*q - 2*q - 110. Suppose 0 = l + 3*l - a. Suppose 3*r = 9 + l. What are the prime factors of r?
2, 3
Suppose 9 - 21 = -3*g. List the prime factors of g.
2
Let t = 138 + -12. Let g be (1/2)/((-7)/t). What are the prime factors of 2/(-1 + g/(-8))?
2
Let f(g) = -g**2 + 8*g. What are the prime factors of f(6)?
2, 3
Suppose -5*o = -o - 116. List the prime factors of o.
29
Let d = -136 + 340. What are the prime factors of d?
2, 3, 17
Let i(x) = x**3 + 13*x**2 + 11*x + 1. Suppose d + 1 = -11. What are the prime factors of i(d)?
13
Let t = -6 - -55. List the prime factors of t.
7
Suppose -3*l + p - 15 = 0, 4*l - 3*p + 31 = 2*p. Let m be (-2)/(-8) + 1/l. Suppose -2*i - 1 + 5 = m. What are the prime factors of i?
2
Suppose o - 2*o = -34. Let y = o - 17. List the prime factors of y.
17
Let a(t) be the second derivative of 0 + 1/20*t**5 + 5/12*t**4 + 7/2*t**2 + 1/6*t**3 - t. List the prime factors of a(-5).
2
Suppose 4*q + 4*v - 5*v = -77, -5*q - 100 = -5*v. What are the prime factors of (-3)/3 + 3 - q?
3, 7
Suppose -4*o - 5*c + 41 = 0, 3*o + o = c + 11. Suppose -2*w + 41 = -r + o*r, 3*r + 4*w - 49 = 0. List the prime factors of r.
11
Suppose -5*q - 344 = -9*q. What are the prime factors of q?
2, 43
Suppose 5*n + 36 = 2*n. Let a = n - 3. Let y = 21 + a. List the prime factors of y.
2, 3
Let g = -6 + 4. What are the prime factors of g/((-3)/12*1)?
2
List the prime factors of 44/((1/(-2))/(-1)).
2, 11
Suppose 0 = 3*i + 5*z - 112, 0 = 2*z - 1 - 3. Let q be 3*(i/(-6) + -1). Let s = q - -34. List the prime factors of s.
2, 7
Suppose 5*g + 4*d = 1431, 6*d + 1438 = 5*g + 3*d. List the prime factors of g.
7, 41
Let d = 23 - 11. Let b = d + -7. Suppose 42 + 23 = b*m. List the prime factors of m.
13
Let s = 101 - 71. What are the prime factors of s?
2, 3, 5
Let p = 2 + -8. Let z(m) = -m**2 - 7*m + 4. List the prime factors of z(p).
2, 5
What are the prime factors of (-3 + 5)/(8/492)?
3, 41
Let y(w) = -6*w + 1. Let b be y(-3). Let f = b + -13. List the prime factors of f.
2, 3
Let j(w) = w**2 + w + 3. Let r(s) = s**2 + 4*s - 5. Let q be r(-5). List the prime factors of j(q).
3
Let q = -54 - -111. Let z = q - 38. What are the prime factors of z?
19
Let y be 21/(-14)*2/3. List the prime factors of 3 - (1 - -14)*y.
2, 3
Let o(h) = -3*h**3 - 2*h**2 + 2*h + 3. What are the prime factors of o(-3)?
2, 3, 5
Suppose 3*x = -3*i + 27, x - 4*i = -6*i + 12. Suppose 0 = 3*z - x. Suppose 0 = z*a + 1 - 7. What are the prime factors of a?
3
Let m(s) = -11*s + 6. What are the prime factors of m(-7)?
83
Suppose -12 = 4*i, 3*i = d + 4*i - 34. What are the prime factors of d?
37
Suppose -4*d = -2*d + 2*g - 306, d - 4*g = 133. List the prime factors of d.
149
Let g(t) = -t + 4. Let m be g(3). Let w = m + -7. Let n = w - -17. List the prime factors of n.
11
Let g = 4 + -17. Let f(i) = -i**3 + i**2 - 2*i + 18. Let k be f(0). Let a = g + k. List the prime factors of a.
5
Let v(i) = 2*i + 1. Let m be v(2). Suppose -5*q + r + 62 = -0*r, -m*q - r = -68. What are the prime factors of q?
13
Let a be 1503/(-6)*4/(-6). Suppose a = 3*o - 4*n, 0*n = n + 5. List the prime factors of o.
7
Let m(f) = 3*f - 14. List the prime factors of m(14).
2, 7
Let r(q) be the first derivative of 1/3*q**3 + 3 + 2*q - 3/2*q**2. What are the prime factors of r(4)?
2, 3
Suppose p = -5*c - 2*p + 9, 5*p = -10. Let y(m) = -2*m**3 - 4*m**2 + 0*m**3 + m**c + 2*m**3 - 4*m. List the prime factors of y(5).
5
Let b(m) = m**3 + 7*m**2 - 9*m - 9. Let f be b(-8). What are the prime factors of 15*(-4)/12*f?
5
Suppose 5 = -4*j - 5*q, 0 = -3*j + 4*j - 3*q - 3. Let o be 21 + j + (3 - 2). Suppose -2*i = -0*i - o. What are the prime factors of i?
11
Let m = 1 - -2. Let o(q) = q - 2. Let n be o(4). Suppose 0 = -n*g - m*g + 55. List the prime factors of g.
11
Let g be (2 - (4 - 2))/(-2). Let z(h) = -15 + 3 + g + 3*h. What are the prime factors of z(8)?
2, 3
Suppose -4*t + 28 = 68. Let p be (2/5)/((-1)/t). Suppose p*f = -3*v + 50, -3*v + 5*f + 32 = -0. What are the prime factors of v?
2, 7
Let a = -10 + 10. Suppose y - 28 - 79 = a. Suppose -5*q - 17 = -y. What are the prime factors of q?
2, 3
Suppose -5*u + 16 = -u. List the prime factors of (29/u)/(1/4).
29
Let u = -3 + 5. Suppose 2*p = -u*p. Let a = 6 + p. What are the prime factors of a?
2, 3
Suppose 0 = 5*l + s + 241, 63 = -2*l - 2*s - 27. What are the prime factors of 2/(-7) + (-1827)/l?
37
Suppose 0 = -3*u - 0*t - 2*t + 16, -t = -5*u + 5. Let a = -3 + 20. Suppose 3*m + u = a. What are the prime factors of m?
5
Let y be -2 - -6 - 2*1. Let l be (-3 - 0)/3*0. Suppose -3*t - 2 = -2*p + 4, y*t - 4 = l. What are the prime factors of p?
2, 3
Let d(f) = -f**2 + 7*f. Let y be 2/2 - (-16)/4. List the prime factors of d(y).
2, 5
Let a(u) = 4*u**2 + 12*u - 11. List the prime factors of a(-9).
5, 41
Let r = 417 - 248. What are the prime factors of r?
13
Suppose -2*n = 6, 3*c + 2*n - 24 = c. Let v = c - 31. List the prime factors of (2/(-4))/(2/v).
2
Let w = 9 - 5. Suppose -4*b = -4*k - 24, k + w*b = 12 + 2. Let x = k + 4. List the prime factors of x.
2
Let z be ((-1)/(-3))/((-1)/(-3)). Suppose -z = -2*r - h, 40 = 5*r - 6*h + h. List the prime factors of r.
3
Let u = 8 - -1. Suppose h = -2*v + 4, 0 = v + 5*h + 25 - u. What are the prime factors of v?
2
Suppose 0 = 2*k + 5*c - 206, 2*c - 3*c = -4*k + 456. List the prime factors of k.
113
Let b = 46 - 37. What are the prime factors of b?
3
Suppose 3*c - 15 = 2*c - 2*t, 0 = 5*c + 3*t - 82. What are the prime factors of c?
17
Let n(h) = -h**3 - 3*h**2 + 5*h + 3. Let g be n(-4). What are the prime factors of g - (1 - 0) - -11?
3
Let s = -17 - -32. What are the prime factors of s?
3, 5
Let g(l) = -2*l + 1. Let k be g(8). Let o = -7 - k. List the prime factors of o.
2
Suppose -p + 5*d = 25, -2*p - 5*d - 5 = 3*p. What are the prime factors of (2/6)/(p/(-255))?
17
Suppose n - 51 + 0 = 0. List the prime factors of n.
3, 17
Suppose -3*p + 3*f = 6, -23 = 4*p + 2*f - f. Let x(o) = o**2 + o - 5. What are the prime factors of x(p)?
3, 5
Suppose -83 = -3*d - 3*h + 16, 5*d + 4*h - 164 = 0. Suppose 4*p + d = 8*p. Sup